lculate t(s).
-9
Let d(w) = 3*w - 2. Let c(o) = 10*o - 8. Let g(l) = -2*c(l) + 7*d(l). Calculate g(-4).
-2
Let m(a) = -11*a - 9. Let p be m(-1). Let c(s) = -2*s - 3. Let f be c(-4). Let b(i) = 7 - f*i**p - 8*i + 0*i**2 + i**3 + 0*i. Calculate b(6).
-5
Let x(q) = q - 5. Let b be x(0). Suppose 4 = 4*t - t + 5*c, -4*t - 3*c = -9. Let j(n) = t - 2*n - 4 + n. Determine j(b).
4
Let q = -5 - -8. Suppose m = -q*m - 12. Let t(a) = 5*a - 4*a + 0*a. Calculate t(m).
-3
Let g be 2/(-15) + 9/(945/14). Let d(m) be the third derivative of g + 0*m - 1/12*m**4 - 5*m**2 - 1/2*m**3. Calculate d(-3).
3
Suppose 0*i - 24 = 8*i. Let s(c) = 4*c**2 + 7*c + 2. Let p(d) = -7*d**2 - 13*d - 4. Let z(h) = i*p(h) - 5*s(h). Calculate z(-2).
-2
Let r(c) be the second derivative of -c**5/20 + c**4/12 - 2*c**2 + 14*c + 6. Calculate r(-3).
32
Let q(s) = s**2 - 2*s + 4. Let n(w) = -w**2 - 14*w + 18. Let r = 0 - 15. Let y be n(r). Determine q(y).
7
Let j be 58 + (3 - 1)*-1. Let y be ((-4)/14)/((-16)/j). Let a(q) = 19*q + 16*q - y - 47*q. Calculate a(1).
-13
Let l = 8 + -11. Let j(t) = -t**2 - 7*t + 3. Let w(n) = 2*n**2 + 13*n - 5. Let x(a) = -5*j(a) - 3*w(a). Determine x(l).
3
Let t(w) = -w**3 - 6*w**2 - 4*w + 4. Suppose -a + 3*l - 7*l = 20, 3*a + l + 27 = 0. Let v be 42/a - 3/(-12). Give t(v).
-1
Let x(t) = -6*t - 55. Let o(f) = f + 11. Let z(u) = 11*o(u) + 2*x(u). Let r = 60 - 53. Give z(r).
4
Let s(c) = c + 9. Suppose -36 = 37*u - 40*u. Let z be ((-14)/(-6))/((-4)/u). Calculate s(z).
2
Let j(w) be the first derivative of w**3/3 + w**2/2 + 13*w - 1. Let m(p) = 9*p - 1 + 8*p - 23*p + 7*p. Let l(i) = -j(i) - 6*m(i). Determine l(-6).
-1
Let g(m) = -1308*m**2 + 8 + 1309*m**2 - 8*m - m. Let t(x) = -6*x**3 + x**2 + x. Let l be t(-1). Give g(l).
-10
Let p(g) = -14*g**3 + 15*g**3 - 766*g + 765*g - 5. Suppose -4*v + 20 = m - 5*m, 3*m = v - 15. Give p(v).
-5
Let p(z) = 2*z + 25. Let b(u) = -u - 1. Let y(k) = -3*b(k) - p(k). Suppose 0 = -5*w - 4*g + 8*g - 12, -3*w - 3*g = -9. What is y(w)?
-22
Let q(h) be the first derivative of -h**3/3 + 3*h**2 - 7*h - 1. Let p = -6 + 17. Suppose -7 = -3*j + p. Calculate q(j).
-7
Let i(s) be the first derivative of 123*s**2 - 8 - 245*s**2 + 121*s**2. Calculate i(-2).
4
Let q(d) = 7*d**3 + d**2 + 7*d + 4. Let c(u) = -5*u**3 - 2*u**2 - 7*u - 4. Let k(w) = 3*c(w) + 2*q(w). Give k(-4).
24
Let a = 1704 + -1708. Let k(f) = f - 2 + 3*f + 1 - 5*f. Determine k(a).
3
Suppose -5*o + 10*o = -3*b - 24, -3*o + 32 = -4*b. Let y(f) = f**3 + 9*f**2 + 8*f. Give y(b).
0
Let v = 9 - 20. Suppose 3*r - 52 = 4*s + 8*r, -r = 4. Let u = v - s. Let q(d) = 2*d**2 + 4*d - 1. Calculate q(u).
5
Let j(h) be the second derivative of -2*h**3/3 - 2*h**2 - 30*h - 3. What is j(-3)?
8
Suppose 2*b - 17 + 29 = 0. Let w(r) = -1 - 2 - 2*r + r. Calculate w(b).
3
Let p be (-2)/6 - 13/(-3) - 2. Let a(d) = 709*d**2 + d**3 - 3*d + d - 713*d**p - 2 + 3*d. What is a(4)?
2
Let j(p) = p**3 - 7*p**2 + 2*p - 9. Let f(s) = -s + 10. Let t be f(7). Let m be (-6 + t)*-2 - 3. Suppose -13 = -m*q + 8. Calculate j(q).
5
Suppose -12 - 20 = 4*p. Let o(c) = 0*c + 8*c**2 - 5 + 0*c + c**3 - 6*c + 5*c. Calculate o(p).
3
Let p(g) = -5*g**2 + 5*g + 40. Let o(h) = -h**2 - h + 5. Let a(b) = 4*o(b) - p(b). Determine a(11).
2
Suppose -19*a + 10 = -28. Let k(y) be the first derivative of -1 - 1/2*y**2 - a*y - 1/3*y**3. Determine k(0).
-2
Let r = -34 - -35. Let l(d) = d**2 + d + 1. Let k(o) = 2*o**2 + 11*o + 4. Let b(j) = r*k(j) - 4*l(j). What is b(5)?
-15
Suppose 0 = -5*y + 8 + 2. Suppose 3*r - y - 7 = 0. Suppose 4*a = -r - 17. Let k(f) = -f - 2. Calculate k(a).
3
Let m(s) = -206789 + 206789 + 6*s. What is m(6)?
36
Let k(d) = -d**2 + 5*d + 2. Let r be 252/27 + 4/(-3). Let g(j) = 3 - r + 6*j + 1 - 2. Let w be g(2). What is k(w)?
-4
Let h(g) = -24*g**3 + 53*g**2 - 12*g + 57. Let r(y) = 11*y**3 - 25*y**2 + 5*y - 28. Let f(t) = -6*h(t) - 13*r(t). Calculate f(-6).
16
Let v(a) = -4*a**2 + 2*a - 3. Let b be ((-3)/9)/((-4)/(-24)). Let n = b - -3. Let r be (0 - -1)*3 - n. What is v(r)?
-15
Suppose 18*b + 13*b + 155 = 0. Let d(g) = g**3 + 7*g**2 + 7*g + 4. What is d(b)?
19
Let m(h) = -h**2 - 17*h - 15. Suppose -f + 13*y - 10 = 11*y, 2*y + 6 = 0. Determine m(f).
1
Let s(n) = -31 - 34 + 82 - 11*n. Let i(q) be the first derivative of -3*q**2 + 9*q - 3. Let x(p) = 7*i(p) - 4*s(p). What is x(4)?
3
Let j(h) = -2*h**2 + 2*h - 5. Suppose 0 = 4*d + i - 11, 12*d - 8*d + 4 = -4*i. Calculate j(d).
-29
Let o(s) = -12*s - 16. Let x(b) = -7*b - 8. Let m(t) = -3*o(t) + 5*x(t). What is m(-9)?
-1
Let h be 31/((-31)/6)*(-5 + 4). Let f(y) = -y**2 + 11*y - 17. Give f(h).
13
Suppose -2*t = -4*t + 4. Suppose -36 = t*q + 2*q. Let s = q + 6. Let x(w) = -w**3 - 3*w**2 + 2*w + 3. Give x(s).
-3
Let a(f) be the second derivative of 1/2*f**2 - 6*f + 5/12*f**4 + 0 + 1/20*f**5 - 1/3*f**3. Let b = -19 + 14. Give a(b).
11
Let c = 50 + -48. Let y(b) = -37*b**3 + b - 5*b**c + 3 + 38*b**3 - 4. What is y(5)?
4
Suppose -7 = 3*k - 5*a, -a - 13 = -4*k + k. Let d(o) = -3*o - 453 + 4*o + 452. What is d(k)?
5
Let t(c) = -2 - 5 - 5*c**2 + 8*c - c - c**3. Suppose 90 = m + 4*m. Suppose 3*b = -0*b - m. Determine t(b).
-13
Let n(u) = -9*u - 5 - u + 5*u + 2*u. Give n(-2).
1
Let f(z) = -z**2 - 22*z + 1. Let o be 33/2*4/(-3). Let h be f(o). Let v(q) = 6*q**3 - 1. Calculate v(h).
5
Suppose -5*u - 32 = -v - 8, v = -u. Let h(c) = -6*c - 5. Let q(a) = -11*a - 10. Let x(f) = u*q(f) + 7*h(f). What is x(-4)?
-3
Let g(p) = -p**2 - 6*p + 8. Let j = 31 + -27. Suppose -j*z = -z + 24. What is g(z)?
-8
Suppose -74 = v - 78. Let b(p) = -p**3 + 4*p**2 - 5*p - 1. Calculate b(v).
-21
Let l(r) be the third derivative of -7*r**4/24 + r**3/3 + 294*r**2 - 1. Give l(1).
-5
Suppose 4*q + 10 = 5*t, 4*q + 4*t - 6 = t. Let x(u) = -7 + 0 + 2 + u. Let l be x(q). Let m(z) = -z**2 - 7*z - 5. Calculate m(l).
5
Let g(p) = 255*p - 6 - 515*p + 256*p. Calculate g(0).
-6
Suppose -z + 2*z = 3. Suppose 0 = 2*v + z*v + 25. Let a(d) be the second derivative of d**4/12 + 5*d**3/6 + 2*d**2 - d. Give a(v).
4
Let o = -50 + 49. Suppose 9 = -2*u + 3*i, i + 13 = -u - u. Let n be 0 + u + 1 + o. Let q(r) = -r - 3. Calculate q(n).
3
Let j = 2133 + -2126. Let d(p) = p**2 - 4*p + 4. Determine d(j).
25
Let l(o) = o - 7. Let y(u) = -2*u + 15. Let n(s) = 5*l(s) + 3*y(s). Let x(i) = -3*i**2 - 44*i + 15. Let p be x(-15). Determine n(p).
10
Let v(f) = 5*f**3 - 2*f**2 + 9*f + 3. Let l(a) = a + 1. Let j be l(6). Let g(x) = 9*x**3 - 5*x**2 + 17*x + 7. Let b(t) = j*v(t) - 4*g(t). Give b(5).
-7
Let h(j) = -3*j - 22. Let f be (-1 - -11)*(-14)/35. Calculate h(f).
-10
Suppose 0*h + 3*h = -5*y + 20, -4*h + 22 = 2*y. Let o(q) = -q + 6. Let s(x) = x - 6. Let v(f) = 2*o(f) + 3*s(f). Give v(h).
-1
Let i(u) be the first derivative of u**3/3 - 4*u**2 + 6*u - 1. Let g be (12 - 9)/(2/4). Suppose -28 = g*z - 64. Calculate i(z).
-6
Let s(y) = 2*y**2 - 3*y - 1. Let k(m) = m**3 - 12*m**2 + 9*m + 2. Let n(t) = k(t) + 3*s(t). Let r be (-2*2)/((-4)/6). Give n(r).
-1
Let h be (5 + -10)/(2/(-22)). Let i = -49 + h. Let l(f) = f**2 - 7*f + 4. Give l(i).
-2
Let w be (1 - (0 + 1))/(32 + -30). Let d(l) = l**3 + 2*l + 6. Determine d(w).
6
Let m(j) be the third derivative of j**6/120 - 7*j**5/60 + 5*j**4/24 + 7*j**3/6 + 3*j**2 + 4*j. Determine m(6).
1
Let f(a) = 3*a**2 - a + 1. Let b(c) be the third derivative of -c**5/60 - c**4/8 + c**3/6 - 9*c**2. Let s be b(-3). Give f(s).
3
Let o(a) be the third derivative of -2/3*a**3 + 0*a + 1/12*a**4 - 3*a**2 + 0. Determine o(-6).
-16
Let l(p) = -p**2 - 16*p + 25. Let m be l(-17). Let r(s) = -s**2 + 9*s. Calculate r(m).
8
Let r(j) = 3*j + 3. Let k be (-50)/675 - 58/(-54). Calculate r(k).
6
Let w(z) = -z**3 + 5*z**2 - 4*z - 2. Let c be w(4). Let t(r) be the second derivative of -r**5/4 - r**4/4 - r**3/3 - 3*r**2/2 + 4*r - 29. What is t(c)?
29
Let i(d) = d**2 + d + 9. Let t(u) = 10*u**2 + 10 + 9*u**2 - 18*u**2. Let g(z) = 5*i(z) - 4*t(z). Give g(-4).
1
Suppose -5*p - 20 = -3*p - 4*r, -3*r = -2*p - 15. Let h(z) = -z + 13. Calculate h(p).
13
Let r be ((-102)/(-12))/(-17) + 5/2. Let s(k) = 0*k**r - 18*k + 11*k + k**2. What is s(5)?
-10
Let i(k) be the first derivative of -3*k**5/10 + k**4/12 + k**3/3 + k**2/2 - 9*k + 10. Let h(p) be the first derivative of i(p). Calculate h(-1).
6
Suppose -5*i + 11 = -2*p, 0*i = -2*i + 5*p - 4. Let b(y) 